ulate the greatest common factor of q and 3.
3
Let p(k) = -k**3 + 10*k**2 + 12*k + 6. Let l be p(10). Let g = 70 + -149. Let w = g + 97. What is the greatest common divisor of l and w?
18
Let q = -101 + 114. Suppose -q - 5 = -g + 3*k, -36 = -4*g + 3*k. Let w(d) = 7*d - 36. Let j be w(g). What is the highest common divisor of 24 and j?
6
Let c be (3 + -4)*-5 + -1 + 2. Suppose -232*m + 954 = -229*m. What is the greatest common divisor of c and m?
6
Suppose 161*l = 190*l - 132675. Calculate the highest common factor of 122 and l.
61
Let q be 2476/28 + 66/(-154). Calculate the highest common factor of q and 20.
4
Suppose -3*n - 3*h = -780, -34*n + 36*n - 555 = 5*h. Let z = n + -237. Let x(v) = -v**2 + 5*v + 4. Let g be x(5). What is the highest common factor of g and z?
4
Suppose 165*w = -5*m + 168*w + 437, -2*m + 158 = -4*w. Calculate the highest common factor of m and 208.
13
Let r be (41 - 47)/(3/8)*-2. Calculate the highest common factor of 10256 and r.
16
Let q(f) = 170*f**3 - 41*f + 39. Let i be q(1). Calculate the highest common factor of 1152 and i.
24
Let j(z) = 2*z + 13. Let w be j(-4). Let p be (-11)/11 + 485/w. Calculate the greatest common divisor of 9 and p.
3
Suppose 3*y + 18 - 22 = -s - 0*s, -60 = 5*y. Suppose 3*h + h = 1360. What is the highest common factor of s and h?
20
Suppose 0 = 21*k - 29*k - 208. Let x be ((-18)/21)/(k/91). Suppose -3*h - y + 573 = 0, y + x*y + 12 = 0. What is the highest common divisor of h and 32?
32
Let l = -51 + 205. Suppose 3*x - 411 = -3*a, a + 11 - l = 5*x. Calculate the greatest common factor of 92 and a.
46
Suppose -d - 18 = -4*x, 3*d - 16 = -44*x + 42*x. Calculate the highest common factor of x and 1660.
5
Let y(c) = -c - 4*c + 5*c - 8*c + 95 + 7*c. Let n be y(-5). Calculate the highest common divisor of 350 and n.
50
Let w(b) = 2*b**2 - 31*b + 42. Let t be w(14). Let r be (t - 2 - -1)/(7/(-721)). Suppose -2*u + r + 241 = 0. What is the greatest common divisor of 43 and u?
43
Let u = -13984 - -14264. Calculate the greatest common factor of u and 1512.
56
Let g = 10577 - 9110. Calculate the highest common divisor of g and 63.
9
Suppose -4*o + 17 = 13 + 24, 0 = -l + 2*o + 22. Let m = -13 + 33. What is the highest common divisor of l and m?
4
Let y be (4/4 + 7 - 3) + 1950. Calculate the highest common divisor of y and 460.
115
Let x(w) = 2*w**2 - 4*w - 7. Let m = -198 + 203. Let i be x(m). Calculate the highest common factor of 92 and i.
23
Let x(u) = 103*u + 6402. Let v be x(23). What is the greatest common factor of v and 49?
49
Let k be (1/2)/((-3)/(-42)). Let w be (k/14 - 0)*32. Let f be -3*12/9*-44. Calculate the highest common divisor of w and f.
16
Suppose c - l - 6 = 28, -2*c + 3*l + 66 = 0. Let x = -39 + c. Let v be x/(-12)*(33 - -3). Calculate the greatest common factor of 72 and v.
9
Let a(m) = 33*m + 1724. Let h be a(-51). What is the greatest common divisor of h and 55801?
41
Let v = -10458 - -15658. What is the highest common divisor of v and 160?
80
Let c(h) = 5*h - 3. Let x be c(19). Suppose t - 16 = -g + 44, -2*g = -5*t - x. What is the greatest common divisor of 14 and g?
14
Let j = 202 + -184. Let l be 2*(-2 - 52/(-8)). Calculate the greatest common divisor of l and j.
9
Suppose i = -2*m + 2427, 4*i = 23*m - 19*m + 9720. What is the greatest common factor of 21 and i?
7
Let y = -371 + 385. Let f be 1 + (y - 6) + 63. Let c = 32 + -23. Calculate the greatest common factor of f and c.
9
Let u(d) = -202*d + 109. Let z be u(-8). Suppose -7*h - 4*i = -4*h - z, 5*i + 2875 = 5*h. Calculate the greatest common factor of 23 and h.
23
Let c = 469 - 455. Suppose -5*y + 20 = 0, -141 = -3*x + c*y - 11*y. Calculate the highest common factor of x and 357.
51
Suppose 23*d = -74 + 741. Let j = 3 - -2. Suppose -j - d = -2*p. What is the highest common factor of 153 and p?
17
Let u be 336/21 + (-27 - -17). Calculate the highest common factor of u and 933.
3
Let z = 1967 + -614. Suppose -18*b + 4917 = z. Calculate the greatest common factor of 18 and b.
18
Let d = -137 - -239. Suppose 6*f = -2*f. Suppose f = -15*x - 61 + 316. What is the greatest common factor of d and x?
17
Suppose 0 = 10*n - 32*n + 88. Suppose 0 = 28*f - 25*f - n*a - 160, 4*a - 20 = 0. What is the highest common factor of 24 and f?
12
Suppose 0 = 24*k + k + k - 4472. Calculate the highest common divisor of k and 559.
43
Let s be 203 - (1 + 11)/(16/12). What is the highest common divisor of s and 8?
2
Suppose -3*h - 2*h = -20. Let w(g) = 2*g**2 + 5*g + 32. Let c be w(-7). Suppose b = -h*b + c. What is the greatest common factor of 19 and b?
19
Suppose 5*u = -3*d + 40113, -4*u - 30*d = -33*d - 32058. What is the highest common divisor of 27 and u?
27
Let b(a) = -a. Let o be b(-7). Let t be ((-131299)/(-238) - (-30)/(-170)) + (-6)/(-4). What is the highest common divisor of t and o?
7
Suppose 0 = -3*x, 4*x + 126 - 26 = -77*s + 82*s. What is the highest common divisor of 1760 and s?
20
Suppose 0 = 5*t - 10. Let r be 16/(8 - 4) - t. Suppose r*f = 5*f - 42. Calculate the highest common factor of f and 126.
14
Let m = 381 + -173. What is the highest common factor of 351 and m?
13
Let j = -2978 - -2983. Let s be (-2)/3 + 9063/27. Calculate the greatest common factor of s and j.
5
Let w be 3/((-39)/(-2)) + 18419/13. Let m = 137 + -124. Calculate the greatest common divisor of w and m.
13
Let a be 23/((-10)/(-7140)*17). Calculate the highest common factor of 368 and a.
46
Let w(q) = q**3 - 45*q**2 + 48*q + 128. Let o be w(44). What is the highest common divisor of 112 and o?
16
Let m = -216 - -311. Let x = m + -81. What is the highest common divisor of 4 and x?
2
Let p be 210/(-20)*(-24)/7. Let t be (4 - 4/4)*240/p. Calculate the highest common factor of t and 55.
5
Let i = 48 - 8. Let y(j) = j**2 - 8*j + 14. Let x be y(6). Suppose -o + 22 = -x*d, 4*o + 5*d = 51 - 2. What is the highest common divisor of i and o?
8
Let j(r) = 24*r**2 - r - 21. Let v be j(3). What is the greatest common factor of v and 18?
6
Let t be (4 - 16)*6/(-36). Let g be 13065/52 + 5 - t/8. Let p(c) = c**2 + c + 4. Let f be p(3). What is the greatest common divisor of f and g?
16
Suppose 47 = -11*p - 19. Let z(t) = -32*t - 18. Let m be z(p). Calculate the highest common factor of m and 116.
58
Let f be (-8)/((0 - 1)/14). Let j(k) = 26724*k - 26596. Let u be j(1). Calculate the greatest common divisor of f and u.
16
Let n(t) = -12*t - 108. Let p be n(-17). Suppose -504 = d - 15*d. What is the highest common divisor of p and d?
12
Let m = -15134 - -15146. What is the highest common factor of m and 6468?
12
Suppose 0 = 2*k + 1 - 7. Suppose 15 = -k*o + 39. Let n(g) = -g**2 - 4*g + 1. Let f be n(-4). Calculate the highest common factor of f and o.
1
Let c(d) = d**3 + 26*d**2 + 13*d - 784. Let v be c(-24). Calculate the greatest common divisor of 133 and v.
7
Let k be -6 - -13 - -1 - (-1 - -3). Suppose k*o = 94 - 16. Calculate the highest common factor of o and 39.
13
Suppose 3 = 2*v - 5*i + 6, 3*i = 2*v + 1. Let y be v + 19 - 16/4. Let f = -2 + 4. What is the greatest common divisor of f and y?
2
Let f(t) = 9*t - 18. Let y be f(3). Suppose y*k - 62 = 46. What is the highest common factor of k and 108?
12
Let s be -3*(-4)/(-78) - 240/(-39). Let o(r) = 3*r - 78. Let j be o(28). What is the highest common factor of s and j?
6
Let n = 59 - 53. Suppose 2*v - n*v = -32. Let z be 0 + v + 2 + (-1 - 0). Calculate the greatest common factor of 36 and z.
9
Let l be 3/(-7) + 16697/413. Calculate the highest common divisor of 7 and l.
1
Let y(n) = -633 - 6*n - 2*n + 636 + 2*n**2. Let k be y(7). Let t = 0 - -5. What is the highest common divisor of k and t?
5
Let f be -9 + 2 + 2 + -1 + -364. Let x = f + 385. What is the greatest common divisor of 285 and x?
15
Suppose 5*m - 3*u - 2*u = 100, 3*u + 3 = 0. Suppose -g - 4*k = -2, -g + 47 = 14*k - m*k. Calculate the highest common divisor of g and 451.
11
Let g(a) = -18*a**3 + 11*a**2 - 2*a + 7. Let i be g(3). Let t = -254 - i. Calculate the greatest common factor of 462 and t.
66
Let y be -2*(-1)/(-1) - 1 - -458. Suppose -228*n - y = -233*n. What is the highest common factor of 14 and n?
7
Let g = 11 - 6. Let l be (-1 + g/2)*230/69. Let n be 3/(-6) + 51/2. What is the highest common factor of l and n?
5
Suppose f - 34*j - 551 = -29*j, j - 